{"id":53087,"date":"2018-10-04T17:27:32","date_gmt":"2018-10-04T20:27:32","guid":{"rendered":"https:\/\/www.radisufv.com.br\/site\/?page_id=53087"},"modified":"2018-10-25T14:51:09","modified_gmt":"2018-10-25T17:51:09","slug":"capacitacao-dos-tecnicos-de-campo-do-projeto-radis-ufv","status":"publish","type":"page","link":"https:\/\/www.radisufv.com.br\/site\/biblioteca\/noticias-2\/capacitacao-dos-tecnicos-de-campo-do-projeto-radis-ufv\/","title":{"rendered":"Capacita\u00e7\u00e3o dos t\u00e9cnicos de campo do Projeto RADIS \u2013 UFV"},"content":{"rendered":"<p>[et_pb_section bb_built=&#8221;1&#8243; _builder_version=&#8221;3.0.47&#8243;][et_pb_row _builder_version=&#8221;3.0.47&#8243; background_size=&#8221;initial&#8221; background_position=&#8221;top_left&#8221; background_repeat=&#8221;repeat&#8221;][et_pb_column type=&#8221;3_4&#8243;][et_pb_text _builder_version=&#8221;3.0.94&#8243; background_layout=&#8221;light&#8221;]<\/p>\n<p>04 de\u00a0 Outubro de 2018<\/p>\n<p>&nbsp;<\/p>\n<h4><strong>Capacita\u00e7\u00e3o dos t\u00e9cnicos de campo do Projeto RADIS \u2013 UFV<\/strong><\/h4>\n<p>[\/et_pb_text][et_pb_image _builder_version=&#8221;3.0.94&#8243; src=&#8221;https:\/\/www.radisufv.com.br\/site\/wp-content\/uploads\/2018\/10\/04-10-foto-maragogi-1.jpg&#8221; show_in_lightbox=&#8221;off&#8221; url_new_window=&#8221;off&#8221; use_overlay=&#8221;off&#8221; align=&#8221;center&#8221; always_center_on_mobile=&#8221;on&#8221; force_fullwidth=&#8221;off&#8221; show_bottom_space=&#8221;on&#8221; \/][et_pb_text _builder_version=&#8221;3.0.94&#8243; background_layout=&#8221;light&#8221;]<\/p>\n<p>&nbsp;<\/p>\n<p class=\"Parag\" style=\"text-indent: 35.4pt; margin: 6pt 5.65pt 6pt 0cm; text-align: justify;\"><span style=\"font-size: 11.0pt; line-height: 150%;\">Na primeira semana de outubro, entre os dias 1\/10 a 4\/10, foi realizado o encontro para capacita\u00e7\u00e3o dos t\u00e9cnicos que trabalhar\u00e3o nas atividades de campo do Projeto RADIS-UFV. O encontro ocorreu na sede da Cooperativa Coopeagro \u2013 Cooperativa dos pequenos agricultores organizados \u2013, em Maragogi\/AL, sendo a programa\u00e7\u00e3o estendida aos per\u00edodos da manh\u00e3 e tarde, ao longo dos quatro dias. <\/span><\/p>\n<p class=\"Parag\" style=\"text-indent: 35.4pt; margin: 6pt 5.65pt 6pt 0cm; text-align: justify;\"><span style=\"font-size: 11.0pt; line-height: 150%;\">Dentre as diversas atividades realizadas destaca-se a apresenta\u00e7\u00e3o do projeto e alinhamento dos conceitos a serem abordados pelos t\u00e9cnicos, al\u00e9m do treinamento com o equipamento do sistema operacional do projeto e a sua utiliza\u00e7\u00e3o pr\u00e1tica, em um levantamento teste, nas propriedades locais do Projeto de Assentamento JUNCO.\u00a0\u00a0<\/span><span style=\"font-size: 11.0pt; line-height: 150%;\">A atua\u00e7\u00e3o dos diversos t\u00e9cnicos do projeto engloba o levantamento de dados georreferenciados, com mapeamento de \u00e1reas, e tamb\u00e9m aplica\u00e7\u00e3o de question\u00e1rios e di\u00e1logo direto com os agricultores rurais dos assentamentos, para diagn\u00f3stico da realidade local e aux\u00edlio no cadastramento dos lotes no Cadastro Ambiental Rural &#8211; CAR. <\/span><\/p>\n<p class=\"Parag\" style=\"text-indent: 35.4pt; margin: 6pt 5.65pt 6pt 0cm; text-align: justify;\"><span style=\"font-size: 11.0pt; line-height: 150%;\">O p\u00fablico presente nestes quatro dias foi, em m\u00e9dia, de 25 pessoas. Os envolvidos nestas atividades incluem profissionais do Instituto Nacional de Coloniza\u00e7\u00e3o e Reforma Agr\u00e1ria<\/span> (INCRA), Universidade Federal de Vi\u00e7osa (UFV), Funda\u00e7\u00e3o de Empreendimentos Cient\u00edficos e Tecnol\u00f3gicos (FINATEC), APA JUNCO e os associados da Cooperativa.<\/p>\n<p class=\"Parag\" style=\"text-indent: 35.4pt; margin: 6pt 5.65pt 6pt 0cm; text-align: justify;\"><span style=\"font-size: 11.0pt; line-height: 150%;\">Durante o encontro tamb\u00e9m foi iniciado o planejamento dos grupos de trabalhos, que far\u00e3o os levantamentos de dados de 13 projetos de assentamentos em Alagoas e de um projeto de assentamento em Pernambuco. O pr\u00f3ximo passo ser\u00e1 o treinamento das equipes no estado do Mato Grosso. <\/span><\/p>\n<p>[\/et_pb_text][\/et_pb_column][et_pb_column type=&#8221;1_4&#8243;][et_pb_sidebar _builder_version=&#8221;3.0.94&#8243; area=&#8221;sidebar-1&#8243; orientation=&#8221;left&#8221; show_border=&#8221;on&#8221; background_layout=&#8221;light&#8221; \/][et_pb_social_media_follow _builder_version=&#8221;3.0.94&#8243; url_new_window=&#8221;off&#8221; follow_button=&#8221;on&#8221; background_layout=&#8221;light&#8221;][et_pb_social_media_follow_network _builder_version=&#8221;3.0.94&#8243; social_network=&#8221;facebook&#8221; skype_action=&#8221;call&#8221; url=&#8221;www.facebook.com\/radisufv&#8221; background_color=&#8221;#3b5998&#8243; use_background_color_gradient=&#8221;off&#8221; background_color_gradient_start=&#8221;#2b87da&#8221; background_color_gradient_end=&#8221;#29c4a9&#8243; background_color_gradient_type=&#8221;linear&#8221; background_color_gradient_direction=&#8221;180deg&#8221; background_color_gradient_direction_radial=&#8221;center&#8221; background_color_gradient_start_position=&#8221;0%&#8221; background_color_gradient_end_position=&#8221;100%&#8221; background_color_gradient_overlays_image=&#8221;off&#8221; parallax=&#8221;off&#8221; parallax_method=&#8221;on&#8221; background_size=&#8221;cover&#8221; background_position=&#8221;center&#8221; background_repeat=&#8221;no-repeat&#8221; background_blend=&#8221;normal&#8221; allow_player_pause=&#8221;off&#8221;] Facebook [\/et_pb_social_media_follow_network][et_pb_social_media_follow_network _builder_version=&#8221;3.0.94&#8243; social_network=&#8221;instagram&#8221; skype_action=&#8221;call&#8221; url=&#8221;https:\/\/www.instagram.com\/radis_ufv\/&#8221; background_color=&#8221;#8300e9&#8243; use_background_color_gradient=&#8221;off&#8221; background_color_gradient_start=&#8221;#2b87da&#8221; background_color_gradient_end=&#8221;#29c4a9&#8243; background_color_gradient_type=&#8221;linear&#8221; background_color_gradient_direction=&#8221;180deg&#8221; background_color_gradient_direction_radial=&#8221;center&#8221; background_color_gradient_start_position=&#8221;0%&#8221; background_color_gradient_end_position=&#8221;100%&#8221; background_color_gradient_overlays_image=&#8221;off&#8221; parallax=&#8221;off&#8221; parallax_method=&#8221;on&#8221; background_size=&#8221;cover&#8221; background_position=&#8221;center&#8221; background_repeat=&#8221;no-repeat&#8221; background_blend=&#8221;normal&#8221; allow_player_pause=&#8221;off&#8221;] Instagram [\/et_pb_social_media_follow_network][\/et_pb_social_media_follow][\/et_pb_column][\/et_pb_row][\/et_pb_section]<\/p>\n","protected":false},"excerpt":{"rendered":"<p>[et_pb_section bb_built=&#8221;1&#8243; _builder_version=&#8221;3.0.47&#8243;][et_pb_row _builder_version=&#8221;3.0.47&#8243; background_size=&#8221;initial&#8221; background_position=&#8221;top_left&#8221; background_repeat=&#8221;repeat&#8221;][et_pb_column type=&#8221;3_4&#8243;][et_pb_text _builder_version=&#8221;3.0.94&#8243; background_layout=&#8221;light&#8221;] 04 de\u00a0 Outubro de 2018 &nbsp; Capacita\u00e7\u00e3o dos t\u00e9cnicos de campo do Projeto RADIS \u2013 UFV [\/et_pb_text][et_pb_image _builder_version=&#8221;3.0.94&#8243; src=&#8221;https:\/\/www.radisufv.com.br\/site\/wp-content\/uploads\/2018\/10\/04-10-foto-maragogi-1.jpg&#8221; show_in_lightbox=&#8221;off&#8221; url_new_window=&#8221;off&#8221; use_overlay=&#8221;off&#8221; align=&#8221;center&#8221; always_center_on_mobile=&#8221;on&#8221; force_fullwidth=&#8221;off&#8221; show_bottom_space=&#8221;on&#8221; \/][et_pb_text _builder_version=&#8221;3.0.94&#8243; background_layout=&#8221;light&#8221;] &nbsp; Na primeira semana de outubro, entre os dias 1\/10 a 4\/10, foi realizado o encontro [&hellip;]<\/p>\n","protected":false},"author":5,"featured_media":0,"parent":51982,"menu_order":0,"comment_status":"closed","ping_status":"closed","template":"","meta":[],"_links":{"self":[{"href":"https:\/\/www.radisufv.com.br\/site\/wp-json\/wp\/v2\/pages\/53087"}],"collection":[{"href":"https:\/\/www.radisufv.com.br\/site\/wp-json\/wp\/v2\/pages"}],"about":[{"href":"https:\/\/www.radisufv.com.br\/site\/wp-json\/wp\/v2\/types\/page"}],"author":[{"embeddable":true,"href":"https:\/\/www.radisufv.com.br\/site\/wp-json\/wp\/v2\/users\/5"}],"replies":[{"embeddable":true,"href":"https:\/\/www.radisufv.com.br\/site\/wp-json\/wp\/v2\/comments?post=53087"}],"version-history":[{"count":8,"href":"https:\/\/www.radisufv.com.br\/site\/wp-json\/wp\/v2\/pages\/53087\/revisions"}],"predecessor-version":[{"id":53221,"href":"https:\/\/www.radisufv.com.br\/site\/wp-json\/wp\/v2\/pages\/53087\/revisions\/53221"}],"up":[{"embeddable":true,"href":"https:\/\/www.radisufv.com.br\/site\/wp-json\/wp\/v2\/pages\/51982"}],"wp:attachment":[{"href":"https:\/\/www.radisufv.com.br\/site\/wp-json\/wp\/v2\/media?parent=53087"}],"curies":[{"name":"wp","href":"https:\/\/api.w.org\/{rel}","templated":true}]}}