{"id":53106,"date":"2018-10-09T16:29:40","date_gmt":"2018-10-09T19:29:40","guid":{"rendered":"https:\/\/www.radisufv.com.br\/site\/?page_id=53106"},"modified":"2018-10-25T14:52:26","modified_gmt":"2018-10-25T17:52:26","slug":"o-projeto-radis-ufv-auxiliara-os-agricultores-familiares-no-cadastro-ambiental-rural-car","status":"publish","type":"page","link":"https:\/\/www.radisufv.com.br\/site\/biblioteca\/noticias-2\/o-projeto-radis-ufv-auxiliara-os-agricultores-familiares-no-cadastro-ambiental-rural-car\/","title":{"rendered":"O Projeto RADIS-UFV auxiliar\u00e1 os agricultores familiares no Cadastro Ambiental Rural \u2013 CAR"},"content":{"rendered":"<p>[et_pb_section bb_built=&#8221;1&#8243; _builder_version=&#8221;3.0.47&#8243;][et_pb_row _builder_version=&#8221;3.0.47&#8243; background_size=&#8221;initial&#8221; background_position=&#8221;top_left&#8221; background_repeat=&#8221;repeat&#8221;][et_pb_column type=&#8221;3_4&#8243;][et_pb_text _builder_version=&#8221;3.0.94&#8243; background_layout=&#8221;light&#8221;]<\/p>\n<h6>09 de Outubro de 2018<\/h6>\n<p>&nbsp;<\/p>\n<h4><strong>O Projeto RADIS-UFV auxiliar\u00e1 os agricultores familiares no Cadastro Ambiental Rural \u2013 CAR<\/strong><\/h4>\n<p>[\/et_pb_text][et_pb_image _builder_version=&#8221;3.0.94&#8243; src=&#8221;https:\/\/www.radisufv.com.br\/site\/wp-content\/uploads\/2018\/10\/09-10-CAR-2.png&#8221; show_in_lightbox=&#8221;off&#8221; url_new_window=&#8221;off&#8221; use_overlay=&#8221;off&#8221; align=&#8221;center&#8221; always_center_on_mobile=&#8221;on&#8221; force_fullwidth=&#8221;off&#8221; show_bottom_space=&#8221;on&#8221; \/][et_pb_text _builder_version=&#8221;3.0.94&#8243; background_size=&#8221;initial&#8221; background_position=&#8221;top_left&#8221; background_repeat=&#8221;repeat&#8221; background_layout=&#8221;light&#8221;]<\/p>\n<p>&nbsp;<\/p>\n<p style=\"text-align: justify;\">O Cadastro Ambiental Rural \u2013 CAR \u00e9 um registro p\u00fablico eletr\u00f4nico de \u00e2mbito nacional, obrigat\u00f3rio para todos os im\u00f3veis rurais, com a finalidade de integrar as informa\u00e7\u00f5es ambientais das propriedades e posses rurais. Dentre essas informa\u00e7\u00f5es est\u00e3o referidas as \u00c1reas de Preserva\u00e7\u00e3o Permanente &#8211; APP, de uso restrito, de Reserva Legal, de remanescentes de florestas e demais formas de vegeta\u00e7\u00e3o nativa, compondo, assim, uma base de dados para facilitar o controle, o monitoramento e o planejamento ambiental e econ\u00f4mico como forma de combate ao desmatamento.<\/p>\n<p style=\"text-align: justify;\">A inscri\u00e7\u00e3o no CAR \u00e9 o primeiro passo para obten\u00e7\u00e3o da regularidade ambiental do im\u00f3vel, e contempla: dados do propriet\u00e1rio, possuidor ou respons\u00e1vel direto pelo im\u00f3vel rural; dados sobre os documentos de comprova\u00e7\u00e3o de propriedade e ou posse; e informa\u00e7\u00f5es georreferenciadas do per\u00edmetro, com a informa\u00e7\u00e3o da localiza\u00e7\u00e3o dos remanescentes de vegeta\u00e7\u00e3o nativa, das \u00c1reas de Preserva\u00e7\u00e3o Permanente, das \u00e1reas de Uso Restrito, das \u00e1reas consolidadas e das Reservas Legais.<\/p>\n<p style=\"text-align: justify;\">Ferramenta importante para auxiliar no planejamento do im\u00f3vel rural e na recupera\u00e7\u00e3o de \u00e1reas degradadas, o CAR fomenta a forma\u00e7\u00e3o de corredores ecol\u00f3gicos e a conserva\u00e7\u00e3o dos demais recursos naturais, contribuindo para a melhoria da qualidade ambiental, sendo atualmente utilizado pelos governos estaduais e federal. O cadastro \u00e9 indispens\u00e1vel para aderir ao Programa de Regulariza\u00e7\u00e3o Ambiental (PRA), que compreende o conjunto de a\u00e7\u00f5es ou iniciativas a serem desenvolvidas por propriet\u00e1rios e\/ou possuidores rurais com o objetivo de adequar e promover a regulariza\u00e7\u00e3o ambiental de seus im\u00f3veis rurais.<\/p>\n<p style=\"text-align: justify;\">Criado pela Lei n\u00ba 12.651\/2012, no \u00e2mbito do Sistema Nacional de Informa\u00e7\u00e3o sobre Meio Ambiente &#8211; SINIMA, e regulamentado pela Instru\u00e7\u00e3o Normativa MMA n\u00ba 2, de 5 de maio de 2014, o CAR \u00e9 obrigat\u00f3rio para todos os im\u00f3veis rurais, tendo seu prazo para cadastramento estendido at\u00e9 dezembro de 2018 em todo o pa\u00eds.<\/p>\n<p style=\"text-align: justify;\">O Projeto RADIS-UFV busca elaborar Cadastro Ambiental Rural de 9.400 fam\u00edlias em assentamentos da Reforma Agr\u00e1ria localizados nos estados do Par\u00e1, Pernambuco, Alagoas, Goi\u00e1s, Mato Grosso, Mato Grosso do Sul, Minas Gerais e S\u00e3o Paulo.<\/p>\n<p>Refer\u00eancias:<\/p>\n<p><a href=\"http:\/\/www.mma.gov.br\/desenvolvimento-rural\/cadastro-ambiental-rural.html\">http:\/\/www.mma.gov.br\/desenvolvimento-rural\/cadastro-ambiental-rural.html<\/a><\/p>\n<p><a href=\"http:\/\/www.car.gov.br\/#\/sobre?page=inscricaoCAR\">http:\/\/www.car.gov.br\/#\/sobre?page=inscricaoCAR<\/a><\/p>\n<p><a href=\"http:\/\/www.car.gov.br\/#\/sobre?page=regAmbiental\">http:\/\/www.car.gov.br\/#\/sobre?page=regAmbiental<\/a><\/p>\n<p>[\/et_pb_text][\/et_pb_column][et_pb_column type=&#8221;1_4&#8243;][et_pb_sidebar _builder_version=&#8221;3.0.94&#8243; area=&#8221;sidebar-1&#8243; orientation=&#8221;left&#8221; show_border=&#8221;on&#8221; background_layout=&#8221;light&#8221; \/][et_pb_social_media_follow _builder_version=&#8221;3.0.94&#8243; url_new_window=&#8221;off&#8221; follow_button=&#8221;on&#8221; background_layout=&#8221;light&#8221;][et_pb_social_media_follow_network _builder_version=&#8221;3.0.94&#8243; social_network=&#8221;facebook&#8221; skype_action=&#8221;call&#8221; url=&#8221;www.facebook.com\/radisufv&#8221; background_color=&#8221;#3b5998&#8243; use_background_color_gradient=&#8221;off&#8221; background_color_gradient_start=&#8221;#2b87da&#8221; background_color_gradient_end=&#8221;#29c4a9&#8243; background_color_gradient_type=&#8221;linear&#8221; background_color_gradient_direction=&#8221;180deg&#8221; background_color_gradient_direction_radial=&#8221;center&#8221; background_color_gradient_start_position=&#8221;0%&#8221; background_color_gradient_end_position=&#8221;100%&#8221; background_color_gradient_overlays_image=&#8221;off&#8221; parallax=&#8221;off&#8221; parallax_method=&#8221;on&#8221; background_size=&#8221;cover&#8221; background_position=&#8221;center&#8221; background_repeat=&#8221;no-repeat&#8221; background_blend=&#8221;normal&#8221; allow_player_pause=&#8221;off&#8221;] Facebook [\/et_pb_social_media_follow_network][et_pb_social_media_follow_network _builder_version=&#8221;3.0.94&#8243; social_network=&#8221;instagram&#8221; skype_action=&#8221;call&#8221; url=&#8221;https:\/\/www.instagram.com\/radis_ufv\/&#8221; background_color=&#8221;#8300e9&#8243; use_background_color_gradient=&#8221;off&#8221; background_color_gradient_start=&#8221;#2b87da&#8221; background_color_gradient_end=&#8221;#29c4a9&#8243; background_color_gradient_type=&#8221;linear&#8221; background_color_gradient_direction=&#8221;180deg&#8221; background_color_gradient_direction_radial=&#8221;center&#8221; background_color_gradient_start_position=&#8221;0%&#8221; background_color_gradient_end_position=&#8221;100%&#8221; background_color_gradient_overlays_image=&#8221;off&#8221; parallax=&#8221;off&#8221; parallax_method=&#8221;on&#8221; background_size=&#8221;cover&#8221; background_position=&#8221;center&#8221; background_repeat=&#8221;no-repeat&#8221; background_blend=&#8221;normal&#8221; allow_player_pause=&#8221;off&#8221;] Instagram [\/et_pb_social_media_follow_network][\/et_pb_social_media_follow][\/et_pb_column][\/et_pb_row][\/et_pb_section]<\/p>\n","protected":false},"excerpt":{"rendered":"<p>[et_pb_section bb_built=&#8221;1&#8243; _builder_version=&#8221;3.0.47&#8243;][et_pb_row _builder_version=&#8221;3.0.47&#8243; background_size=&#8221;initial&#8221; background_position=&#8221;top_left&#8221; background_repeat=&#8221;repeat&#8221;][et_pb_column type=&#8221;3_4&#8243;][et_pb_text _builder_version=&#8221;3.0.94&#8243; background_layout=&#8221;light&#8221;] 09 de Outubro de 2018 &nbsp; O Projeto RADIS-UFV auxiliar\u00e1 os agricultores familiares no Cadastro Ambiental Rural \u2013 CAR [\/et_pb_text][et_pb_image _builder_version=&#8221;3.0.94&#8243; src=&#8221;https:\/\/www.radisufv.com.br\/site\/wp-content\/uploads\/2018\/10\/09-10-CAR-2.png&#8221; show_in_lightbox=&#8221;off&#8221; url_new_window=&#8221;off&#8221; use_overlay=&#8221;off&#8221; align=&#8221;center&#8221; always_center_on_mobile=&#8221;on&#8221; force_fullwidth=&#8221;off&#8221; show_bottom_space=&#8221;on&#8221; \/][et_pb_text _builder_version=&#8221;3.0.94&#8243; background_size=&#8221;initial&#8221; background_position=&#8221;top_left&#8221; background_repeat=&#8221;repeat&#8221; background_layout=&#8221;light&#8221;] &nbsp; O Cadastro Ambiental Rural \u2013 CAR \u00e9 um registro [&hellip;]<\/p>\n","protected":false},"author":5,"featured_media":0,"parent":51982,"menu_order":0,"comment_status":"closed","ping_status":"closed","template":"","meta":[],"_links":{"self":[{"href":"https:\/\/www.radisufv.com.br\/site\/wp-json\/wp\/v2\/pages\/53106"}],"collection":[{"href":"https:\/\/www.radisufv.com.br\/site\/wp-json\/wp\/v2\/pages"}],"about":[{"href":"https:\/\/www.radisufv.com.br\/site\/wp-json\/wp\/v2\/types\/page"}],"author":[{"embeddable":true,"href":"https:\/\/www.radisufv.com.br\/site\/wp-json\/wp\/v2\/users\/5"}],"replies":[{"embeddable":true,"href":"https:\/\/www.radisufv.com.br\/site\/wp-json\/wp\/v2\/comments?post=53106"}],"version-history":[{"count":8,"href":"https:\/\/www.radisufv.com.br\/site\/wp-json\/wp\/v2\/pages\/53106\/revisions"}],"predecessor-version":[{"id":53225,"href":"https:\/\/www.radisufv.com.br\/site\/wp-json\/wp\/v2\/pages\/53106\/revisions\/53225"}],"up":[{"embeddable":true,"href":"https:\/\/www.radisufv.com.br\/site\/wp-json\/wp\/v2\/pages\/51982"}],"wp:attachment":[{"href":"https:\/\/www.radisufv.com.br\/site\/wp-json\/wp\/v2\/media?parent=53106"}],"curies":[{"name":"wp","href":"https:\/\/api.w.org\/{rel}","templated":true}]}}