{"id":53187,"date":"2018-10-25T13:55:33","date_gmt":"2018-10-25T16:55:33","guid":{"rendered":"https:\/\/www.radisufv.com.br\/site\/?page_id=53187"},"modified":"2018-10-25T14:52:56","modified_gmt":"2018-10-25T17:52:56","slug":"segunda-capacitacao-dos-tecnicos-de-campo-do-projeto-radis-ufv","status":"publish","type":"page","link":"https:\/\/www.radisufv.com.br\/site\/biblioteca\/noticias-2\/segunda-capacitacao-dos-tecnicos-de-campo-do-projeto-radis-ufv\/","title":{"rendered":"Segunda Capacita\u00e7\u00e3o dos t\u00e9cnicos de campo do Projeto RADIS \u2013 UFV"},"content":{"rendered":"<p>[et_pb_section bb_built=&#8221;1&#8243; _builder_version=&#8221;3.0.47&#8243;][et_pb_row _builder_version=&#8221;3.0.47&#8243; background_size=&#8221;initial&#8221; background_position=&#8221;top_left&#8221; background_repeat=&#8221;repeat&#8221;][et_pb_column type=&#8221;3_4&#8243;][et_pb_text _builder_version=&#8221;3.0.94&#8243; background_layout=&#8221;light&#8221;]<\/p>\n<h6>25 de Outubro de 2018<\/h6>\n<p>&nbsp;<\/p>\n<h4><strong>Segunda Capacita\u00e7\u00e3o dos t\u00e9cnicos de campo do Projeto RADIS \u2013 UFV<\/strong><\/h4>\n<p>[\/et_pb_text][et_pb_image _builder_version=&#8221;3.0.94&#8243; src=&#8221;https:\/\/www.radisufv.com.br\/site\/wp-content\/uploads\/2018\/10\/25-10-foto-do-grupo-1.jpg&#8221; show_in_lightbox=&#8221;off&#8221; url_new_window=&#8221;off&#8221; use_overlay=&#8221;off&#8221; always_center_on_mobile=&#8221;on&#8221; force_fullwidth=&#8221;off&#8221; show_bottom_space=&#8221;on&#8221; align=&#8221;center&#8221; \/][et_pb_text _builder_version=&#8221;3.0.94&#8243; background_size=&#8221;initial&#8221; background_position=&#8221;top_left&#8221; background_repeat=&#8221;repeat&#8221; background_layout=&#8221;light&#8221;]<\/p>\n<p style=\"text-align: justify;\">Nos dias 22\/10 a 24\/10, foi realizado o encontro para capacita\u00e7\u00e3o dos t\u00e9cnicos que trabalhar\u00e3o nas atividades de campo do Projeto RADIS-UFV no territ\u00f3rio Matogrossense. O encontro ocorreu no Hotel Vila Verde, em Rondon\u00f3polis, com a programa\u00e7\u00e3o estendida aos per\u00edodos da manh\u00e3 e tarde, ao longo de tr\u00eas dias.<\/p>\n<p style=\"text-align: justify;\">Inicialmente houve a apresenta\u00e7\u00e3o do Projeto e seus respons\u00e1veis t\u00e9cnicos aos colaboradores da Cooperativa Cooperfrente, que ser\u00e3o respons\u00e1veis pela coleta de dados em campo. Durante essa apresenta\u00e7\u00e3o foram discutidos e apresentados os conceitos que permear\u00e3o todo o trabalho dos t\u00e9cnicos de campo, como a regulariza\u00e7\u00e3o ambiental, Cadastro Ambiental Rural e georreferenciamento.<\/p>\n<p style=\"text-align: justify;\">Ap\u00f3s essa apresenta\u00e7\u00e3o mais te\u00f3rica, os t\u00e9cnicos tiveram contato com o sistema RADIS, criado especialmente para este projeto, com intuito de facilitar e otimizar o levantamento de dados. Foram feitos treinamentos e simula\u00e7\u00f5es para ensinar e sanar d\u00favidas que os t\u00e9cnicos pudessem ter com a utiliza\u00e7\u00e3o do equipamento. Ap\u00f3s essa etapa, foi realizado um levantamento teste, com a presen\u00e7a de todos os t\u00e9cnicos e coordenadores, no Projeto de Assentamento S\u00e3o Francisco.<\/p>\n<p style=\"text-align: justify;\">A atua\u00e7\u00e3o dos diversos t\u00e9cnicos do projeto engloba o levantamento de dados georreferenciados, com mapeamento de \u00e1reas, e tamb\u00e9m aplica\u00e7\u00e3o de question\u00e1rios e di\u00e1logo direto com os agricultores rurais dos assentamentos, para diagn\u00f3stico da realidade local e aux\u00edlio no cadastramento dos lotes no Cadastro Ambiental Rural &#8211; CAR.<\/p>\n<p style=\"text-align: justify;\">O p\u00fablico presente nestes tr\u00eas dias foi, em m\u00e9dia, de 20 pessoas. Os envolvidos nestas atividades incluem profissionais do Instituto Nacional de Coloniza\u00e7\u00e3o e Reforma Agr\u00e1ria (INCRA), Universidade Federal de Vi\u00e7osa (UFV), Funda\u00e7\u00e3o de Empreendimentos Cient\u00edficos e Tecnol\u00f3gicos (FINATEC) e os associados da Cooperativa.<\/p>\n<p>[\/et_pb_text][\/et_pb_column][et_pb_column type=&#8221;1_4&#8243;][et_pb_sidebar area=&#8221;sidebar-1&#8243; _builder_version=&#8221;3.0.94&#8243;]<\/p>\n<p>&nbsp;<\/p>\n<p>[\/et_pb_sidebar][et_pb_social_media_follow follow_button=&#8221;on&#8221; _builder_version=&#8221;3.0.94&#8243;][et_pb_social_media_follow_network social_network=&#8221;facebook&#8221; url=&#8221;https:\/\/www.facebook.com\/radisufv&#8221; _builder_version=&#8221;3.0.94&#8243; background_color=&#8221;#3b5998&#8243; follow_button=&#8221;on&#8221; url_new_window=&#8221;on&#8221;] Facebook [\/et_pb_social_media_follow_network][et_pb_social_media_follow_network social_network=&#8221;instagram&#8221; url=&#8221;https:\/\/www.instagram.com\/radis_ufv\/&#8221; _builder_version=&#8221;3.0.94&#8243; background_color=&#8221;#8300e9&#8243; follow_button=&#8221;on&#8221; url_new_window=&#8221;on&#8221;] Instagram [\/et_pb_social_media_follow_network][\/et_pb_social_media_follow][\/et_pb_column][\/et_pb_row][\/et_pb_section]<\/p>\n","protected":false},"excerpt":{"rendered":"<p>[et_pb_section bb_built=&#8221;1&#8243; _builder_version=&#8221;3.0.47&#8243;][et_pb_row _builder_version=&#8221;3.0.47&#8243; background_size=&#8221;initial&#8221; background_position=&#8221;top_left&#8221; background_repeat=&#8221;repeat&#8221;][et_pb_column type=&#8221;3_4&#8243;][et_pb_text _builder_version=&#8221;3.0.94&#8243; background_layout=&#8221;light&#8221;] 25 de Outubro de 2018 &nbsp; Segunda Capacita\u00e7\u00e3o dos t\u00e9cnicos de campo do Projeto RADIS \u2013 UFV [\/et_pb_text][et_pb_image _builder_version=&#8221;3.0.94&#8243; src=&#8221;https:\/\/www.radisufv.com.br\/site\/wp-content\/uploads\/2018\/10\/25-10-foto-do-grupo-1.jpg&#8221; show_in_lightbox=&#8221;off&#8221; url_new_window=&#8221;off&#8221; use_overlay=&#8221;off&#8221; always_center_on_mobile=&#8221;on&#8221; force_fullwidth=&#8221;off&#8221; show_bottom_space=&#8221;on&#8221; align=&#8221;center&#8221; \/][et_pb_text _builder_version=&#8221;3.0.94&#8243; background_size=&#8221;initial&#8221; background_position=&#8221;top_left&#8221; background_repeat=&#8221;repeat&#8221; background_layout=&#8221;light&#8221;] Nos dias 22\/10 a 24\/10, foi realizado o encontro para capacita\u00e7\u00e3o dos [&hellip;]<\/p>\n","protected":false},"author":5,"featured_media":0,"parent":51982,"menu_order":0,"comment_status":"closed","ping_status":"closed","template":"","meta":[],"_links":{"self":[{"href":"https:\/\/www.radisufv.com.br\/site\/wp-json\/wp\/v2\/pages\/53187"}],"collection":[{"href":"https:\/\/www.radisufv.com.br\/site\/wp-json\/wp\/v2\/pages"}],"about":[{"href":"https:\/\/www.radisufv.com.br\/site\/wp-json\/wp\/v2\/types\/page"}],"author":[{"embeddable":true,"href":"https:\/\/www.radisufv.com.br\/site\/wp-json\/wp\/v2\/users\/5"}],"replies":[{"embeddable":true,"href":"https:\/\/www.radisufv.com.br\/site\/wp-json\/wp\/v2\/comments?post=53187"}],"version-history":[{"count":8,"href":"https:\/\/www.radisufv.com.br\/site\/wp-json\/wp\/v2\/pages\/53187\/revisions"}],"predecessor-version":[{"id":53227,"href":"https:\/\/www.radisufv.com.br\/site\/wp-json\/wp\/v2\/pages\/53187\/revisions\/53227"}],"up":[{"embeddable":true,"href":"https:\/\/www.radisufv.com.br\/site\/wp-json\/wp\/v2\/pages\/51982"}],"wp:attachment":[{"href":"https:\/\/www.radisufv.com.br\/site\/wp-json\/wp\/v2\/media?parent=53187"}],"curies":[{"name":"wp","href":"https:\/\/api.w.org\/{rel}","templated":true}]}}

Segunda Capacitação dos técnicos de campo do Projeto RADIS – UFV

<p>[et_pb_section bb_built=&#8221;1&#8243; _builder_version=&#8221;3.0.47&#8243;][et_pb_row _builder_version=&#8221;3.0.47&#8243; background_size=&#8221;initial&#8221; background_position=&#8221;top_left&#8221; background_repeat=&#8221;repeat&#8221;][et_pb_column type=&#8221;3_4&#8243;][et_pb_text _builder_version=&#8221;3.0.94&#8243; background_layout=&#8221;light&#8221;]</p>
<h6>25 de Outubro de 2018</h6>
<p>&nbsp;</p>
<h4><strong>Segunda Capacitação dos técnicos de campo do Projeto RADIS – UFV</strong></h4>
<p>[/et_pb_text][et_pb_image _builder_version=&#8221;3.0.94&#8243; src=&#8221;https://www.radisufv.com.br/site/wp-content/uploads/2018/10/25-10-foto-do-grupo-1.jpg&#8221; show_in_lightbox=&#8221;off&#8221; url_new_window=&#8221;off&#8221; use_overlay=&#8221;off&#8221; always_center_on_mobile=&#8221;on&#8221; force_fullwidth=&#8221;off&#8221; show_bottom_space=&#8221;on&#8221; align=&#8221;center&#8221; /][et_pb_text _builder_version=&#8221;3.0.94&#8243; background_size=&#8221;initial&#8221; background_position=&#8221;top_left&#8221; background_repeat=&#8221;repeat&#8221; background_layout=&#8221;light&#8221;]</p>
<p style="text-align: justify;">Nos dias 22/10 a 24/10, foi realizado o encontro para capacitação dos técnicos que trabalharão nas atividades de campo do Projeto RADIS-UFV no território Matogrossense. O encontro ocorreu no Hotel Vila Verde, em Rondonópolis, com a programação estendida aos períodos da manhã e tarde, ao longo de três dias.</p>
<p style="text-align: justify;">Inicialmente houve a apresentação do Projeto e seus responsáveis técnicos aos colaboradores da Cooperativa Cooperfrente, que serão responsáveis pela coleta de dados em campo. Durante essa apresentação foram discutidos e apresentados os conceitos que permearão todo o trabalho dos técnicos de campo, como a regularização ambiental, Cadastro Ambiental Rural e georreferenciamento.</p>
<p style="text-align: justify;">Após essa apresentação mais teórica, os técnicos tiveram contato com o sistema RADIS, criado especialmente para este projeto, com intuito de facilitar e otimizar o levantamento de dados. Foram feitos treinamentos e simulações para ensinar e sanar dúvidas que os técnicos pudessem ter com a utilização do equipamento. Após essa etapa, foi realizado um levantamento teste, com a presença de todos os técnicos e coordenadores, no Projeto de Assentamento São Francisco.</p>
<p style="text-align: justify;">A atuação dos diversos técnicos do projeto engloba o levantamento de dados georreferenciados, com mapeamento de áreas, e também aplicação de questionários e diálogo direto com os agricultores rurais dos assentamentos, para diagnóstico da realidade local e auxílio no cadastramento dos lotes no Cadastro Ambiental Rural &#8211; CAR.</p>
<p style="text-align: justify;">O público presente nestes três dias foi, em média, de 20 pessoas. Os envolvidos nestas atividades incluem profissionais do Instituto Nacional de Colonização e Reforma Agrária (INCRA), Universidade Federal de Viçosa (UFV), Fundação de Empreendimentos Científicos e Tecnológicos (FINATEC) e os associados da Cooperativa.</p>
<p>[/et_pb_text][/et_pb_column][et_pb_column type=&#8221;1_4&#8243;][et_pb_sidebar area=&#8221;sidebar-1&#8243; _builder_version=&#8221;3.0.94&#8243;]</p>
<p>&nbsp;</p>
<p>[/et_pb_sidebar][et_pb_social_media_follow follow_button=&#8221;on&#8221; _builder_version=&#8221;3.0.94&#8243;][et_pb_social_media_follow_network social_network=&#8221;facebook&#8221; url=&#8221;https://www.facebook.com/radisufv&#8221; _builder_version=&#8221;3.0.94&#8243; background_color=&#8221;#3b5998&#8243; follow_button=&#8221;on&#8221; url_new_window=&#8221;on&#8221;] Facebook [/et_pb_social_media_follow_network][et_pb_social_media_follow_network social_network=&#8221;instagram&#8221; url=&#8221;https://www.instagram.com/radis_ufv/&#8221; _builder_version=&#8221;3.0.94&#8243; background_color=&#8221;#8300e9&#8243; follow_button=&#8221;on&#8221; url_new_window=&#8221;on&#8221;] Instagram [/et_pb_social_media_follow_network][/et_pb_social_media_follow][/et_pb_column][/et_pb_row][/et_pb_section]</p>

<p>[et_pb_section bb_built=&#8221;1&#8243; _builder_version=&#8221;3.0.47&#8243;][et_pb_row _builder_version=&#8221;3.0.47&#8243; background_size=&#8221;initial&#8221; background_position=&#8221;top_left&#8221; background_repeat=&#8221;repeat&#8221;][et_pb_column type=&#8221;3_4&#8243;][et_pb_text _builder_version=&#8221;3.0.94&#8243; background_layout=&#8221;light&#8221;] 25 de Outubro de 2018 &nbsp; Segunda Capacitação dos técnicos de campo do Projeto RADIS – UFV [/et_pb_text][et_pb_image _builder_version=&#8221;3.0.94&#8243; src=&#8221;https://www.radisufv.com.br/site/wp-content/uploads/2018/10/25-10-foto-do-grupo-1.jpg&#8221; show_in_lightbox=&#8221;off&#8221; url_new_window=&#8221;off&#8221; use_overlay=&#8221;off&#8221; always_center_on_mobile=&#8221;on&#8221; force_fullwidth=&#8221;off&#8221; show_bottom_space=&#8221;on&#8221; align=&#8221;center&#8221; /][et_pb_text _builder_version=&#8221;3.0.94&#8243; background_size=&#8221;initial&#8221; background_position=&#8221;top_left&#8221; background_repeat=&#8221;repeat&#8221; background_layout=&#8221;light&#8221;] Nos dias 22/10 a 24/10, foi realizado o encontro para capacitação dos [&hellip;]</p>
