{"id":53358,"date":"2018-12-05T11:21:50","date_gmt":"2018-12-05T13:21:50","guid":{"rendered":"https:\/\/www.radisufv.com.br\/site\/?page_id=53358"},"modified":"2019-01-21T16:37:04","modified_gmt":"2019-01-21T18:37:04","slug":"clippings","status":"publish","type":"page","link":"https:\/\/www.radisufv.com.br\/site\/noticias\/clippings\/","title":{"rendered":"Clippings"},"content":{"rendered":"<p>[et_pb_section bb_built=&#8221;1&#8243; _builder_version=&#8221;3.0.47&#8243;][et_pb_row _builder_version=&#8221;3.0.47&#8243; background_size=&#8221;initial&#8221; background_position=&#8221;top_left&#8221; background_repeat=&#8221;repeat&#8221;][et_pb_column type=&#8221;4_4&#8243;][et_pb_post_title meta=&#8221;off&#8221; featured_image=&#8221;off&#8221; _builder_version=&#8221;3.0.94&#8243;]<\/p>\n<p>&nbsp;<\/p>\n<p>[\/et_pb_post_title][\/et_pb_column][\/et_pb_row][et_pb_row _builder_version=&#8221;3.0.47&#8243; background_size=&#8221;initial&#8221; background_position=&#8221;top_left&#8221; background_repeat=&#8221;repeat&#8221;][et_pb_column type=&#8221;1_4&#8243;][et_pb_blurb title=&#8221;15\/01 &#8211; Maragogi News %91Alagoas%93&#8243; url=&#8221;http:\/\/www.maragoginews.com.br\/noticia\/165942-radis-ufv-visita-10-assentamentos-rurais-alagoanos-em-2018.html&#8221; url_new_window=&#8221;on&#8221; image=&#8221;https:\/\/www.radisufv.com.br\/site\/wp-content\/uploads\/2019\/01\/15-01-maragogi-news.png&#8221; _builder_version=&#8221;3.0.94&#8243; use_icon=&#8221;off&#8221; use_circle=&#8221;off&#8221; use_circle_border=&#8221;off&#8221; icon_placement=&#8221;top&#8221; use_icon_font_size=&#8221;off&#8221; background_layout=&#8221;light&#8221;]<\/p>\n<p>RADIS-UFV visita 10 assentamentos rurais alagoanos em 2018.<\/p>\n<p>[\/et_pb_blurb][et_pb_blurb title=&#8221;18\/12 &#8211; Alagoas na Net%91Alagoas%93&#8243; url=&#8221;https:\/\/www.alagoasnanet.com.br\/v3\/drone-e-utilizado-pela-1a-vez-em-atividades-de-assentamento-da-reforma-agraria-em-al\/&#8221; url_new_window=&#8221;on&#8221; image=&#8221;https:\/\/www.radisufv.com.br\/site\/wp-content\/uploads\/2019\/01\/18-12-alagoas-na-net.png&#8221; _builder_version=&#8221;3.0.94&#8243;]<\/p>\n<p>Drone \u00e9 utilizado pela 1\u00aa vez em atividades de assentamento da reforma agr\u00e1ria em AL.<\/p>\n<p>[\/et_pb_blurb][et_pb_blurb title=&#8221;07\/11 &#8211; Ala Norte %91Alagoas%93&#8243; url=&#8221;http:\/\/alanortenoticias.com.br\/noticia\/10897\/maragogi-projeto-capacita-pessoas-para-realizar-regularizacao-ambiental-de-assentamento-rurais&#8221; url_new_window=&#8221;on&#8221; image=&#8221;https:\/\/www.radisufv.com.br\/site\/wp-content\/uploads\/2018\/12\/07-11-Ala-norte-Alagoas.png&#8221; _builder_version=&#8221;3.0.94&#8243;]<\/p>\n<p style=\"text-align: left;\">Maragogi: Projeto capacita pessoas para realizar regulariza\u00e7\u00e3o ambiental de assentamento rurais<\/p>\n<p>[\/et_pb_blurb][\/et_pb_column][et_pb_column type=&#8221;1_4&#8243;][et_pb_blurb title=&#8221;14\/01 &#8211; Blog do Geraldo Jos\u00e9&#8221; url=&#8221;http:\/\/www.geraldojose.com.br\/index.php?sessao=noticia&amp;cod_noticia=112344&#8243; url_new_window=&#8221;on&#8221; image=&#8221;https:\/\/www.radisufv.com.br\/site\/wp-content\/uploads\/2019\/01\/14-01-blog-geraldo.png&#8221; _builder_version=&#8221;3.0.94&#8243; use_icon=&#8221;off&#8221; use_circle=&#8221;off&#8221; use_circle_border=&#8221;off&#8221; icon_placement=&#8221;top&#8221; use_icon_font_size=&#8221;off&#8221; background_layout=&#8221;light&#8221;]<\/p>\n<p>Projeto RADIS-UFV visita nove assentamentos rurais pernambucanos.<\/p>\n<p>[\/et_pb_blurb][et_pb_blurb title=&#8221;08\/12 &#8211; Maragogi News %91Alagoas%93&#8243; url=&#8221;http:\/\/www.maragoginews.com.br\/noticia\/118128-projeto-radis-ufv-realiza-coleta-de-dados-nos-assentamentos-alagoanos-do.html&#8221; url_new_window=&#8221;on&#8221; image=&#8221;https:\/\/www.radisufv.com.br\/site\/wp-content\/uploads\/2018\/12\/08-12-MaragogiNews.png&#8221; _builder_version=&#8221;3.0.94&#8243;]<\/p>\n<p>Projeto RADIS-UFV realiza coleta de dados nos assentamentos alagoanos do Incra.<\/p>\n<p>[\/et_pb_blurb][et_pb_blurb title=&#8221;07\/11 &#8211; Maragogi News %91Alagoas%93&#8243; url=&#8221;http:\/\/www.maragoginews.com.br\/noticia\/358275-projeto-capacita-pessoas-para-realizar-regularizacao-ambiental-de-assentamentos-rurais.html&#8221; url_new_window=&#8221;on&#8221; image=&#8221;https:\/\/www.radisufv.com.br\/site\/wp-content\/uploads\/2018\/12\/07-11-Maragogi-news-Alagoas.png&#8221; _builder_version=&#8221;3.0.94&#8243;]<\/p>\n<p>Projeto capacita pessoas para realizar regulariza\u00e7\u00e3o ambiental de assentamentos rurais<\/p>\n<p>[\/et_pb_blurb][\/et_pb_column][et_pb_column type=&#8221;1_4&#8243;][et_pb_blurb title=&#8221;19\/12 &#8211; Ala Norte %91Alagoas%93&#8243; url=&#8221;http:\/\/alanortenoticias.com.br\/noticia\/10998\/maragogi-drone-e-utilizado-pela-primeira-vez-em-atividades-de-campo-em-assentamento-da-reforma-agraria&#8221; url_new_window=&#8221;on&#8221; image=&#8221;https:\/\/www.radisufv.com.br\/site\/wp-content\/uploads\/2019\/01\/19-12-ala-norte.png&#8221; _builder_version=&#8221;3.0.94&#8243;]<\/p>\n<p class=\"title-noticia\">Maragogi: Drone \u00e9 utilizado pela primeira vez em atividades de campo em assentamento da reforma agr\u00e1ria.<\/p>\n<p>[\/et_pb_blurb][et_pb_blurb title=&#8221;04\/12 &#8211; Instituto Nacional de Coloniza\u00e7\u00e3o e Reforma Agr\u00e1ria %91Nacional%93&#8243; url=&#8221;http:\/\/www.incra.gov.br\/noticias\/incra-e-universidade-de-vicosa-utilizam-drone-em-projeto-piloto-em-alagoas&#8221; url_new_window=&#8221;on&#8221; image=&#8221;https:\/\/www.radisufv.com.br\/site\/wp-content\/uploads\/2018\/12\/04-12-Incra-Nacional.png&#8221; _builder_version=&#8221;3.0.94&#8243;]<\/p>\n<p>Incra e Universidade de Vi\u00e7osa utilizam drone em projeto-piloto em Alagoas.<\/p>\n<p>[\/et_pb_blurb][\/et_pb_column][et_pb_column type=&#8221;1_4&#8243;][et_pb_blurb title=&#8221;18\/12 &#8211; Maragogi News %91Alagoas%93&#8243; url=&#8221;http:\/\/www.maragoginews.com.br\/noticia\/585828-drone-e-utilizado-pela-primeira-vez-em-atividades-de-co.html&#8221; url_new_window=&#8221;on&#8221; image=&#8221;https:\/\/www.radisufv.com.br\/site\/wp-content\/uploads\/2019\/01\/18-12-maragoginews.png&#8221; _builder_version=&#8221;3.0.94&#8243;]<\/p>\n<p>Drone \u00e9 utilizado pela primeira vez em atividades de campo em assentamento da reforma agr\u00e1ria.<\/p>\n<p>[\/et_pb_blurb][et_pb_blurb title=&#8221;04\/12 &#8211; Gazeta Web %91Nacional%93&#8243; url=&#8221;https:\/\/gazetaweb.globo.com\/portal\/noticia\/2018\/12\/incra-e-universidade-mineira-utilizam-drone-em-projeto-piloto-em-alagoas_65754.php&#8221; url_new_window=&#8221;on&#8221; image=&#8221;https:\/\/www.radisufv.com.br\/site\/wp-content\/uploads\/2018\/12\/04-12-Gazetaweb-Nacional.png&#8221; _builder_version=&#8221;3.0.94&#8243;]<\/p>\n<p class=\"internas-titulo cor font-person\">Incra e universidade mineira utilizam drone em projeto piloto em Alagoas.<\/p>\n<p>[\/et_pb_blurb][\/et_pb_column][\/et_pb_row][\/et_pb_section]<\/p>\n","protected":false},"excerpt":{"rendered":"<p>[et_pb_section bb_built=&#8221;1&#8243; _builder_version=&#8221;3.0.47&#8243;][et_pb_row _builder_version=&#8221;3.0.47&#8243; background_size=&#8221;initial&#8221; background_position=&#8221;top_left&#8221; background_repeat=&#8221;repeat&#8221;][et_pb_column type=&#8221;4_4&#8243;][et_pb_post_title meta=&#8221;off&#8221; featured_image=&#8221;off&#8221; _builder_version=&#8221;3.0.94&#8243;] &nbsp; [\/et_pb_post_title][\/et_pb_column][\/et_pb_row][et_pb_row _builder_version=&#8221;3.0.47&#8243; background_size=&#8221;initial&#8221; background_position=&#8221;top_left&#8221; background_repeat=&#8221;repeat&#8221;][et_pb_column type=&#8221;1_4&#8243;][et_pb_blurb title=&#8221;15\/01 &#8211; Maragogi News %91Alagoas%93&#8243; url=&#8221;http:\/\/www.maragoginews.com.br\/noticia\/165942-radis-ufv-visita-10-assentamentos-rurais-alagoanos-em-2018.html&#8221; url_new_window=&#8221;on&#8221; image=&#8221;https:\/\/www.radisufv.com.br\/site\/wp-content\/uploads\/2019\/01\/15-01-maragogi-news.png&#8221; _builder_version=&#8221;3.0.94&#8243; use_icon=&#8221;off&#8221; use_circle=&#8221;off&#8221; use_circle_border=&#8221;off&#8221; icon_placement=&#8221;top&#8221; use_icon_font_size=&#8221;off&#8221; background_layout=&#8221;light&#8221;] RADIS-UFV visita 10 assentamentos rurais alagoanos em 2018. [\/et_pb_blurb][et_pb_blurb title=&#8221;18\/12 &#8211; Alagoas na Net%91Alagoas%93&#8243; url=&#8221;https:\/\/www.alagoasnanet.com.br\/v3\/drone-e-utilizado-pela-1a-vez-em-atividades-de-assentamento-da-reforma-agraria-em-al\/&#8221; url_new_window=&#8221;on&#8221; image=&#8221;https:\/\/www.radisufv.com.br\/site\/wp-content\/uploads\/2019\/01\/18-12-alagoas-na-net.png&#8221; _builder_version=&#8221;3.0.94&#8243;] Drone \u00e9 utilizado pela [&hellip;]<\/p>\n","protected":false},"author":5,"featured_media":0,"parent":51814,"menu_order":0,"comment_status":"closed","ping_status":"closed","template":"","meta":[],"_links":{"self":[{"href":"https:\/\/www.radisufv.com.br\/site\/wp-json\/wp\/v2\/pages\/53358"}],"collection":[{"href":"https:\/\/www.radisufv.com.br\/site\/wp-json\/wp\/v2\/pages"}],"about":[{"href":"https:\/\/www.radisufv.com.br\/site\/wp-json\/wp\/v2\/types\/page"}],"author":[{"embeddable":true,"href":"https:\/\/www.radisufv.com.br\/site\/wp-json\/wp\/v2\/users\/5"}],"replies":[{"embeddable":true,"href":"https:\/\/www.radisufv.com.br\/site\/wp-json\/wp\/v2\/comments?post=53358"}],"version-history":[{"count":14,"href":"https:\/\/www.radisufv.com.br\/site\/wp-json\/wp\/v2\/pages\/53358\/revisions"}],"predecessor-version":[{"id":53468,"href":"https:\/\/www.radisufv.com.br\/site\/wp-json\/wp\/v2\/pages\/53358\/revisions\/53468"}],"up":[{"embeddable":true,"href":"https:\/\/www.radisufv.com.br\/site\/wp-json\/wp\/v2\/pages\/51814"}],"wp:attachment":[{"href":"https:\/\/www.radisufv.com.br\/site\/wp-json\/wp\/v2\/media?parent=53358"}],"curies":[{"name":"wp","href":"https:\/\/api.w.org\/{rel}","templated":true}]}}