{"id":53407,"date":"2018-12-27T10:37:11","date_gmt":"2018-12-27T12:37:11","guid":{"rendered":"https:\/\/www.radisufv.com.br\/site\/?page_id=53407"},"modified":"2018-12-27T11:08:34","modified_gmt":"2018-12-27T13:08:34","slug":"avaliacao-ambiental-entenda-como-funciona","status":"publish","type":"page","link":"https:\/\/www.radisufv.com.br\/site\/biblioteca\/noticias-2\/avaliacao-ambiental-entenda-como-funciona\/","title":{"rendered":"Avalia\u00e7\u00e3o Ambiental: entenda como funciona"},"content":{"rendered":"<p>[et_pb_section fb_built=&#8221;1&#8243; _builder_version=&#8221;3.0.47&#8243;][et_pb_row _builder_version=&#8221;3.0.47&#8243; background_size=&#8221;initial&#8221; background_position=&#8221;top_left&#8221; background_repeat=&#8221;repeat&#8221;][et_pb_column type=&#8221;3_4&#8243; _builder_version=&#8221;3.0.47&#8243; parallax=&#8221;off&#8221; parallax_method=&#8221;on&#8221;][et_pb_text _builder_version=&#8221;3.0.94&#8243;]<\/p>\n<p>27 de dezembro de 2018<\/p>\n<p>&nbsp;<\/p>\n<h4><strong>Avalia\u00e7\u00e3o Ambiental: entenda como funciona<\/strong><\/h4>\n<p>[\/et_pb_text][et_pb_image src=&#8221;https:\/\/www.radisufv.com.br\/site\/wp-content\/uploads\/2018\/12\/27-12-avalia\u00e7\u00e3o-ambiental-pg-not.jpg&#8221; _builder_version=&#8221;3.0.94&#8243; align=&#8221;center&#8221;][\/et_pb_image][et_pb_text _builder_version=&#8221;3.0.94&#8243;]<\/p>\n<p style=\"text-align: center;\"><em>A a\u00e7\u00e3o \u00e9 realizada por t\u00e9cnicos durante as visitas de campo<\/em><\/p>\n<p style=\"text-align: center;\"><em><\/em><\/p>\n<p style=\"text-align: justify;\">Ap\u00f3s a coleta de dados socioecon\u00f4micos, os t\u00e9cnicos do RADIS-UFV realizam uma avalia\u00e7\u00e3o ambiental nos assentamentos rurais. Para isso, os profissionais devem fazer uma an\u00e1lise pr\u00e9via das imagens de sat\u00e9lite do banco de dados e as vetoriza\u00e7\u00f5es do lote, com o intuito de saber a situa\u00e7\u00e3o do lugar, com ajuda do ocupante.<\/p>\n<p style=\"text-align: justify;\">Os t\u00e9cnicos ir\u00e3o verificar alguns itens importantes, como confirmar com o propriet\u00e1rio se existem rios, nascentes e lagoas, al\u00e9m de desmate atual &#8211; sendo realizado ap\u00f3s 2008 e a menos de 1 ano -, \u00e1rea degradada, divisas dos lotes e os m\u00e9todos produtivos.<\/p>\n<p style=\"text-align: justify;\">Ap\u00f3s esta verifica\u00e7\u00e3o em campo, o analista em geoprocessamento, que trabalha em escrit\u00f3rio, dever\u00e1 observar as informa\u00e7\u00f5es coletadas e fazer as altera\u00e7\u00f5es, se necess\u00e1rio, com base em imagens. Portanto, para realiza\u00e7\u00e3o deste trabalho, \u00e9 preciso que os t\u00e9cnicos registrem os documentos pessoais de todos os benefici\u00e1rios e da propriedade.<\/p>\n<p style=\"text-align: justify;\">Em caso de o ocupante n\u00e3o possuir o comprovante de endere\u00e7o ou de posse, a declara\u00e7\u00e3o de veracidade dever\u00e1 ser preenchida e assinada somente pelo propriet\u00e1rio. J\u00e1 em situa\u00e7\u00f5es da exist\u00eancia dos documentos, o termo de comprova\u00e7\u00e3o poder\u00e1 ser assinado por outro membro da fam\u00edlia.<\/p>\n<p style=\"text-align: justify;\">O Projeto de Regulariza\u00e7\u00e3o Ambiental e Diagn\u00f3stico dos Sistemas Agr\u00e1rios (RADIS-UFV) ir\u00e1 coletar, at\u00e9 2020, dados em 85 assentamentos rurais de oito estados brasileiros (Par\u00e1, Pernambuco, Alagoas, Goi\u00e1s, Mato Grosso, Mato Grosso do Sul, Minas Gerais e S\u00e3o Paulo), totalizando 9.400 fam\u00edlias.<\/p>\n<p style=\"text-align: justify;\">Quem tiver d\u00favida, reclama\u00e7\u00e3o, sugest\u00e3o ou at\u00e9 mesmo elogio sobre algo relacionado ao projeto pode entrar em contato pelo WhatsApp, no n\u00famero (61) 99402-2553, ou pelo e-mail <a href=\"mailto:comunica\u00e7\u00e3o.radis.ufv@gmail.com\">comunica\u00e7\u00e3o.radis.ufv@gmail.com<\/a>, al\u00e9m das redes sociais, no Facebook RADISUFV e Instagram @radis_ufv, e pelo espa\u00e7o \u2018contato\u2019 do site <a href=\"http:\/\/www.radisufv.com.br\">www.radisufv.com.br<\/a>. Durante as visitas em campo, o cidad\u00e3o tamb\u00e9m tem a possibilidade de preencher o formul\u00e1rio que fica com os t\u00e9cnicos.<\/p>\n<p>[\/et_pb_text][\/et_pb_column][et_pb_column type=&#8221;1_4&#8243; _builder_version=&#8221;3.0.47&#8243; parallax=&#8221;off&#8221; parallax_method=&#8221;on&#8221;][et_pb_social_media_follow follow_button=&#8221;on&#8221; _builder_version=&#8221;3.0.94&#8243;][et_pb_social_media_follow_network social_network=&#8221;facebook&#8221; url=&#8221;https:\/\/www.facebook.com\/radisufv&#8221; _builder_version=&#8221;3.0.94&#8243; background_color=&#8221;#3b5998&#8243; follow_button=&#8221;on&#8221; url_new_window=&#8221;on&#8221;] Facebook [\/et_pb_social_media_follow_network][et_pb_social_media_follow_network social_network=&#8221;instagram&#8221; url=&#8221;https:\/\/www.instagram.com\/radis_ufv\/&#8221; _builder_version=&#8221;3.0.94&#8243; background_color=&#8221;#8300e9&#8243; follow_button=&#8221;on&#8221; url_new_window=&#8221;on&#8221;] Instagram [\/et_pb_social_media_follow_network][\/et_pb_social_media_follow][\/et_pb_column][\/et_pb_row][\/et_pb_section]<\/p>\n","protected":false},"excerpt":{"rendered":"<p>[et_pb_section fb_built=&#8221;1&#8243; _builder_version=&#8221;3.0.47&#8243;][et_pb_row _builder_version=&#8221;3.0.47&#8243; background_size=&#8221;initial&#8221; background_position=&#8221;top_left&#8221; background_repeat=&#8221;repeat&#8221;][et_pb_column type=&#8221;3_4&#8243; _builder_version=&#8221;3.0.47&#8243; parallax=&#8221;off&#8221; parallax_method=&#8221;on&#8221;][et_pb_text _builder_version=&#8221;3.0.94&#8243;] 27 de dezembro de 2018 &nbsp; Avalia\u00e7\u00e3o Ambiental: entenda como funciona [\/et_pb_text][et_pb_image src=&#8221;https:\/\/www.radisufv.com.br\/site\/wp-content\/uploads\/2018\/12\/27-12-avalia\u00e7\u00e3o-ambiental-pg-not.jpg&#8221; _builder_version=&#8221;3.0.94&#8243; align=&#8221;center&#8221;][\/et_pb_image][et_pb_text _builder_version=&#8221;3.0.94&#8243;] A a\u00e7\u00e3o \u00e9 realizada por t\u00e9cnicos durante as visitas de campo Ap\u00f3s a coleta de dados socioecon\u00f4micos, os t\u00e9cnicos do RADIS-UFV realizam uma avalia\u00e7\u00e3o ambiental nos assentamentos [&hellip;]<\/p>\n","protected":false},"author":5,"featured_media":0,"parent":51982,"menu_order":0,"comment_status":"closed","ping_status":"closed","template":"","meta":[],"_links":{"self":[{"href":"https:\/\/www.radisufv.com.br\/site\/wp-json\/wp\/v2\/pages\/53407"}],"collection":[{"href":"https:\/\/www.radisufv.com.br\/site\/wp-json\/wp\/v2\/pages"}],"about":[{"href":"https:\/\/www.radisufv.com.br\/site\/wp-json\/wp\/v2\/types\/page"}],"author":[{"embeddable":true,"href":"https:\/\/www.radisufv.com.br\/site\/wp-json\/wp\/v2\/users\/5"}],"replies":[{"embeddable":true,"href":"https:\/\/www.radisufv.com.br\/site\/wp-json\/wp\/v2\/comments?post=53407"}],"version-history":[{"count":4,"href":"https:\/\/www.radisufv.com.br\/site\/wp-json\/wp\/v2\/pages\/53407\/revisions"}],"predecessor-version":[{"id":53418,"href":"https:\/\/www.radisufv.com.br\/site\/wp-json\/wp\/v2\/pages\/53407\/revisions\/53418"}],"up":[{"embeddable":true,"href":"https:\/\/www.radisufv.com.br\/site\/wp-json\/wp\/v2\/pages\/51982"}],"wp:attachment":[{"href":"https:\/\/www.radisufv.com.br\/site\/wp-json\/wp\/v2\/media?parent=53407"}],"curies":[{"name":"wp","href":"https:\/\/api.w.org\/{rel}","templated":true}]}}