{"id":53421,"date":"2019-01-02T16:41:43","date_gmt":"2019-01-02T18:41:43","guid":{"rendered":"https:\/\/www.radisufv.com.br\/site\/?page_id=53421"},"modified":"2019-01-02T16:46:13","modified_gmt":"2019-01-02T18:46:13","slug":"radis-ufv-utiliza-midias-digitais-para-informar-cidadaos","status":"publish","type":"page","link":"https:\/\/www.radisufv.com.br\/site\/biblioteca\/noticias-2\/radis-ufv-utiliza-midias-digitais-para-informar-cidadaos\/","title":{"rendered":"RADIS-UFV utiliza m\u00eddias digitais para informar cidad\u00e3os"},"content":{"rendered":"<p>[et_pb_section fb_built=&#8221;1&#8243; _builder_version=&#8221;3.0.47&#8243;][et_pb_row _builder_version=&#8221;3.0.47&#8243; background_size=&#8221;initial&#8221; background_position=&#8221;top_left&#8221; background_repeat=&#8221;repeat&#8221;][et_pb_column type=&#8221;3_4&#8243; _builder_version=&#8221;3.0.47&#8243; parallax=&#8221;off&#8221; parallax_method=&#8221;on&#8221;][et_pb_text _builder_version=&#8221;3.0.94&#8243;]<\/p>\n<p>02 de janeiro de 2019<\/p>\n<p>&nbsp;<\/p>\n<h4><strong>RADIS-UFV utiliza m\u00eddias digitais para informar cidad\u00e3os<\/strong><\/h4>\n<p>[\/et_pb_text][et_pb_image src=&#8221;https:\/\/www.radisufv.com.br\/site\/wp-content\/uploads\/2019\/01\/not\u00edcia-redes-sociais.jpg&#8221; _builder_version=&#8221;3.0.94&#8243; align=&#8221;center&#8221;][\/et_pb_image][et_pb_text _builder_version=&#8221;3.0.94&#8243;]<\/p>\n<p style=\"text-align: center;\"><em>O projeto possui site, Facebook, Instagram e WhatsApp<\/em><\/p>\n<p style=\"text-align: justify;\">Com uma m\u00e9dia di\u00e1ria de 3h43 online em redes sociais, o Brasil ficou em segundo lugar no ranking de tempo gasto nesse tipo de site, perdendo somente para Filipinas, segundo o relat\u00f3rio Digital in 2017, do site <em>We Are Social<\/em>. Percebendo a import\u00e2ncia de estar presente no meio digital, o Projeto de Regulariza\u00e7\u00e3o Ambiental e Diagn\u00f3stico dos Sistemas Agr\u00e1rios (RADIS-UFV) possui Instagram, Facebook, site e WhatsApp para informar e ouvir as partes envolvidas com a iniciativa.<\/p>\n<p style=\"text-align: justify;\">O Facebook pode ser encontrado pelo nome RADISUFV e o Instagram por @radis_ufv. Assuntos relacionados ao projeto tamb\u00e9m s\u00e3o tratados pelo WhatsApp com o p\u00fablico diretamente afetado. Not\u00edcias, dados e agenda podem ser encontrados no site <a href=\"http:\/\/www.radisufv.com.br\">www.radisufv.com.br<\/a>. A atualiza\u00e7\u00e3o das m\u00eddias digitais \u00e9 realizada semanalmente, com informa\u00e7\u00f5es relacionadas ao projeto.<\/p>\n<p style=\"text-align: justify;\">O RADIS-UFV ir\u00e1 coletar, at\u00e9 2020, dados em 85 assentamentos rurais de oito estados brasileiros (Par\u00e1, Pernambuco, Alagoas, Goi\u00e1s, Mato Grosso, Mato Grosso do Sul, Minas Gerais e S\u00e3o Paulo), totalizando 9.400 fam\u00edlias.<\/p>\n<p style=\"text-align: justify;\">Al\u00e9m das m\u00eddias digitais, quem tiver d\u00favida, reclama\u00e7\u00e3o, sugest\u00e3o ou at\u00e9 mesmo elogio sobre algo relacionado ao projeto tamb\u00e9m pode entrar em contato por meio: do WhatsApp, no n\u00famero (61) 99402-2553, ou pelo e-mail <a href=\"mailto:comunica\u00e7\u00e3o.radis.ufv@gmail.com\">comunica\u00e7\u00e3o.radis.ufv@gmail.com<\/a>, al\u00e9m das pr\u00f3prias redes sociais, Facebook e Instagram, e pelo espa\u00e7o \u2018contato\u2019 do site. Durante as visitas em campo, o cidad\u00e3o tamb\u00e9m tem a possibilidade de preencher o formul\u00e1rio que fica em posse dos t\u00e9cnicos.<\/p>\n<p>[\/et_pb_text][\/et_pb_column][et_pb_column type=&#8221;1_4&#8243; _builder_version=&#8221;3.0.47&#8243; parallax=&#8221;off&#8221; parallax_method=&#8221;on&#8221;][et_pb_social_media_follow url_new_window=&#8221;off&#8221; _builder_version=&#8221;3.0.94&#8243;][et_pb_social_media_follow_network social_network=&#8221;facebook&#8221; url=&#8221;http:\/\/www.facebook.com\/radisufv&#8221; _builder_version=&#8221;3.0.94&#8243; background_color=&#8221;#3b5998&#8243; follow_button=&#8221;off&#8221; url_new_window=&#8221;off&#8221;] Facebook [\/et_pb_social_media_follow_network][et_pb_social_media_follow_network social_network=&#8221;instagram&#8221; url=&#8221;http:\/\/www.instagram.com\/radis_ufv&#8221; _builder_version=&#8221;3.0.94&#8243; background_color=&#8221;#8300e9&#8243; follow_button=&#8221;off&#8221; url_new_window=&#8221;off&#8221;] Instagram [\/et_pb_social_media_follow_network][\/et_pb_social_media_follow][\/et_pb_column][\/et_pb_row][\/et_pb_section]<\/p>\n","protected":false},"excerpt":{"rendered":"<p>[et_pb_section fb_built=&#8221;1&#8243; _builder_version=&#8221;3.0.47&#8243;][et_pb_row _builder_version=&#8221;3.0.47&#8243; background_size=&#8221;initial&#8221; background_position=&#8221;top_left&#8221; background_repeat=&#8221;repeat&#8221;][et_pb_column type=&#8221;3_4&#8243; _builder_version=&#8221;3.0.47&#8243; parallax=&#8221;off&#8221; parallax_method=&#8221;on&#8221;][et_pb_text _builder_version=&#8221;3.0.94&#8243;] 02 de janeiro de 2019 &nbsp; RADIS-UFV utiliza m\u00eddias digitais para informar cidad\u00e3os [\/et_pb_text][et_pb_image src=&#8221;https:\/\/www.radisufv.com.br\/site\/wp-content\/uploads\/2019\/01\/not\u00edcia-redes-sociais.jpg&#8221; _builder_version=&#8221;3.0.94&#8243; align=&#8221;center&#8221;][\/et_pb_image][et_pb_text _builder_version=&#8221;3.0.94&#8243;] O projeto possui site, Facebook, Instagram e WhatsApp Com uma m\u00e9dia di\u00e1ria de 3h43 online em redes sociais, o Brasil ficou em segundo lugar no [&hellip;]<\/p>\n","protected":false},"author":5,"featured_media":0,"parent":51982,"menu_order":0,"comment_status":"closed","ping_status":"closed","template":"","meta":[],"_links":{"self":[{"href":"https:\/\/www.radisufv.com.br\/site\/wp-json\/wp\/v2\/pages\/53421"}],"collection":[{"href":"https:\/\/www.radisufv.com.br\/site\/wp-json\/wp\/v2\/pages"}],"about":[{"href":"https:\/\/www.radisufv.com.br\/site\/wp-json\/wp\/v2\/types\/page"}],"author":[{"embeddable":true,"href":"https:\/\/www.radisufv.com.br\/site\/wp-json\/wp\/v2\/users\/5"}],"replies":[{"embeddable":true,"href":"https:\/\/www.radisufv.com.br\/site\/wp-json\/wp\/v2\/comments?post=53421"}],"version-history":[{"count":2,"href":"https:\/\/www.radisufv.com.br\/site\/wp-json\/wp\/v2\/pages\/53421\/revisions"}],"predecessor-version":[{"id":53426,"href":"https:\/\/www.radisufv.com.br\/site\/wp-json\/wp\/v2\/pages\/53421\/revisions\/53426"}],"up":[{"embeddable":true,"href":"https:\/\/www.radisufv.com.br\/site\/wp-json\/wp\/v2\/pages\/51982"}],"wp:attachment":[{"href":"https:\/\/www.radisufv.com.br\/site\/wp-json\/wp\/v2\/media?parent=53421"}],"curies":[{"name":"wp","href":"https:\/\/api.w.org\/{rel}","templated":true}]}}