{"id":53622,"date":"2019-03-01T10:26:34","date_gmt":"2019-03-01T13:26:34","guid":{"rendered":"https:\/\/www.radisufv.com.br\/site\/?page_id=53622"},"modified":"2019-03-01T10:35:44","modified_gmt":"2019-03-01T13:35:44","slug":"produtor-rural-conta-com-servicos-profissionalizantes-do-senar","status":"publish","type":"page","link":"https:\/\/www.radisufv.com.br\/site\/produtor-rural-conta-com-servicos-profissionalizantes-do-senar\/","title":{"rendered":"Produtor rural conta com servi\u00e7os profissionalizantes do SENAR"},"content":{"rendered":"<p>[et_pb_section fb_built=&#8221;1&#8243; _builder_version=&#8221;3.0.47&#8243;][et_pb_row _builder_version=&#8221;3.0.47&#8243; background_size=&#8221;initial&#8221; background_position=&#8221;top_left&#8221; background_repeat=&#8221;repeat&#8221;][et_pb_column type=&#8221;3_4&#8243; _builder_version=&#8221;3.0.47&#8243; parallax=&#8221;off&#8221; parallax_method=&#8221;on&#8221;][et_pb_text _builder_version=&#8221;3.0.94&#8243;]01 de mar\u00e7o de 2019<\/p>\n<p>&nbsp;<\/p>\n<h4><strong>Produtor rural conta com servi\u00e7os profissionalizantes do SENAR<\/strong><\/h4>\n<p>[\/et_pb_text][et_pb_image src=&#8221;https:\/\/www.radisufv.com.br\/site\/wp-content\/uploads\/2019\/03\/01-03-SENAR.jpg&#8221; _builder_version=&#8221;3.0.94&#8243; align=&#8221;center&#8221;][\/et_pb_image][et_pb_text _builder_version=&#8221;3.0.94&#8243;]<\/p>\n<p style=\"text-align: center;\"><em>Criado pela Lei n\u00ba 8.315 de 1991, a entidade integra o chamado Sistema S<\/em><\/p>\n<p style=\"text-align: justify;\">O Servi\u00e7o Nacional de Aprendizagem Rural (Senar) desperta o produtor e trabalhador rural a mudar de atitude por meio de ofertas a\u00e7\u00f5es de Forma\u00e7\u00e3o Profissional Rural, atividades de Promo\u00e7\u00e3o Social, Ensino T\u00e9cnico de N\u00edvel M\u00e9dio, presencial e a dist\u00e2ncia, e com um modelo inovador de Assist\u00eancia T\u00e9cnica e Gerencial. A entidade foi criada pela Lei n\u00ba 8.315, de 23 de dezembro de 1991.<\/p>\n<p style=\"text-align: justify;\">O SENAR \u00e9 uma entidade de direito privado, sem integrar a administra\u00e7\u00e3o do Estado, com realiza\u00e7\u00e3o de servi\u00e7os que atendem a satisfa\u00e7\u00e3o das necessidades coletivas. Ele \u00e9 mantido pela classe patronal rural, vinculada \u00e0 Confedera\u00e7\u00e3o da Agricultura e Pecu\u00e1ria do Brasil (CNA) e administrada por um Conselho Deliberativo.<\/p>\n<p style=\"text-align: justify;\">A entidade \u00e9 integrante do chamado Sistema S &#8211; conjunto de nove institui\u00e7\u00f5es de interesse de categorias profissionais, estabelecidas pela Constitui\u00e7\u00e3o brasileira. A sua fun\u00e7\u00e3o \u00e9 cumprir a miss\u00e3o estabelecida pelo seu Conselho Deliberativo, que \u00e9 composto por representantes do governo federal e das classes trabalhadora e patronal rural. O SENAR atende, gratuitamente, milhares de brasileiros do meio rural, todos os anos, contribuindo para a profissionaliza\u00e7\u00e3o, integra\u00e7\u00e3o na sociedade, melhoria da sua qualidade de vida e para o pleno exerc\u00edcio da cidadania.<\/p>\n<p style=\"text-align: justify;\">S\u00e3o 27 Administra\u00e7\u00f5es Regionais, que promovem cursos e capacita\u00e7\u00f5es para desenvolver compet\u00eancias profissionais e sociais em aproximadamente 300 profiss\u00f5es do meio rural. Existe tamb\u00e9m a Administra\u00e7\u00e3o Central do SENAR, em Bras\u00edlia. Nos \u00faltimos anos, a entidade ampliou o leque de ofertas educativas de Forma\u00e7\u00e3o Profissional Rural (FPR), Promo\u00e7\u00e3o social (PS) e educa\u00e7\u00e3o profissional t\u00e9cnica.<\/p>\n<p style=\"text-align: justify;\">Para saber mais, entre em contato com a administra\u00e7\u00e3o do seu estado:<span style=\"font-size: 14px; text-align: left;\"><\/span><\/p>\n<p><span><\/span><\/p>\n<p>[\/et_pb_text][\/et_pb_column][et_pb_column type=&#8221;1_4&#8243; _builder_version=&#8221;3.0.47&#8243; parallax=&#8221;off&#8221; parallax_method=&#8221;on&#8221;][et_pb_social_media_follow follow_button=&#8221;on&#8221; _builder_version=&#8221;3.0.94&#8243;][et_pb_social_media_follow_network social_network=&#8221;facebook&#8221; url=&#8221;http:\/\/www.facebook.com\/radisufv&#8221; _builder_version=&#8221;3.0.94&#8243; background_color=&#8221;#3b5998&#8243; follow_button=&#8221;on&#8221; url_new_window=&#8221;on&#8221;] Facebook [\/et_pb_social_media_follow_network][et_pb_social_media_follow_network social_network=&#8221;instagram&#8221; url=&#8221;http:\/\/www.instagram.com\/radis_ufv&#8221; _builder_version=&#8221;3.0.94&#8243; background_color=&#8221;#8300e9&#8243; follow_button=&#8221;on&#8221; url_new_window=&#8221;on&#8221;] Instagram [\/et_pb_social_media_follow_network][\/et_pb_social_media_follow][\/et_pb_column][\/et_pb_row][et_pb_row _builder_version=&#8221;3.0.94&#8243;][et_pb_column type=&#8221;1_3&#8243; _builder_version=&#8221;3.0.94&#8243; parallax=&#8221;off&#8221; parallax_method=&#8221;on&#8221;][et_pb_text _builder_version=&#8221;3.0.94&#8243;]<\/p>\n<blockquote>\n<p><strong>SENAR-PE<\/strong> <br \/> Rua S\u00e3o Miguel, 1050 &#8211; Afogados &#8211; Recife\/PE<\/p>\n<p>Fone: (81) 3312.8966<br \/> E-mail: <span><a href=\"mailto:secretaria@senar-pe.com.br\">secretaria@senar-pe.com.br<\/a><\/span><\/p>\n<p><span><a href=\"http:\/\/senar-pe.com.br\/\"><span style=\"color: #000000;\">Site:<\/span> http:\/\/senar-pe.com.br\/<\/a><\/span><\/p>\n<\/blockquote>\n<p>&nbsp;<\/p>\n<blockquote>\n<p><strong>SENAR-AL<\/strong><\/p>\n<p>Rua Dr. Rocha Cavalcante, n\u00ba 181 \u2013 Jaragu\u00e1, Macei\u00f3\/AL<\/p>\n<p>Fone: (82) 3217-9800<\/p>\n<p><span><a href=\"http:\/\/www.senar-al.org.br\/\"><span style=\"color: #000000;\"><\/span><\/a><a href=\"http:\/\/senar-pe.com.br\/\" style=\"color: #000000;\">Site:<\/a><\/span>\u00a0<a href=\"http:\/\/www.senar-al.org.br\/\">http:\/\/www.senar-al.org.br\/<\/a>\u00a0<\/p>\n<\/blockquote>\n<p>&nbsp;<\/p>\n<blockquote>\n<p><strong>SENAR-MT<\/strong><\/p>\n<p>Rua Eng. Edgard Prazo Arze, sn, Qdr 01Setor A &#8211; Centro Pol\u00edtico Administrativo, Cuiab\u00e1\/MT<\/p>\n<p>Fone: (65)3928-4800<\/p>\n<p>E-mail: <span><a href=\"mailto:senar@senarmt.org.br\">senar@senarmt.org.br<\/a><\/span><\/p>\n<p><span><a href=\"http:\/\/www.sistemafamato.org.br\"><span style=\"color: #000000;\"><\/span><\/a><a href=\"http:\/\/senar-pe.com.br\/\" style=\"color: #000000;\">Site:<\/a><\/span>\u00a0<a href=\"http:\/\/www.sistemafamato.org.br\">http:\/\/www.sistemafamato.org.br<\/a>\u00a0<\/p>\n<\/blockquote>\n<p>&nbsp;<\/p>\n<blockquote>\n<p><strong>SENAR-MS<\/strong><\/p>\n<p>Rua Marcino dos Santos, 401. Campo Grande\/MS<\/p>\n<p>Fone: (67) 3320-6900 ou (67) 3320-9700<\/p>\n<p>E-mail: <span><a href=\"mailto:senar@senarms.org.br\">senar@senarms.org.br<\/a><\/span><\/p>\n<p><span><a href=\"http:\/\/senarms.org.br\/\"><span style=\"color: #000000;\"><\/span><\/a><a href=\"http:\/\/senar-pe.com.br\/\" style=\"color: #000000;\">Site:<\/a><\/span>\u00a0<a href=\"http:\/\/senarms.org.br\/\">http:\/\/senarms.org.br\/<\/a>\u00a0<\/p>\n<\/blockquote>\n<p>[\/et_pb_text][\/et_pb_column][et_pb_column type=&#8221;1_3&#8243; _builder_version=&#8221;3.0.94&#8243; parallax=&#8221;off&#8221; parallax_method=&#8221;on&#8221;][et_pb_text _builder_version=&#8221;3.0.94&#8243;]<\/p>\n<blockquote>\n<p><strong>SENAR-MG<\/strong><\/p>\n<p>Avenida do Contorno, 1.771 &#8211; Floresta<\/p>\n<p>Belo Horizonte<\/p>\n<p>Fone: (31) 3074-3074<\/p>\n<p>E-mail: <span><a href=\"mailto:senar@senarminas.org.br\">senar@senarminas.org.br<\/a><\/span><\/p>\n<p><span><a href=\"http:\/\/www.sistemafaemg.org.br\"><span style=\"color: #000000;\"><\/span><\/a><a href=\"http:\/\/senar-pe.com.br\/\" style=\"color: #000000;\">Site:<\/a><\/span>\u00a0<a href=\"http:\/\/www.sistemafaemg.org.br\">http:\/\/www.sistemafaemg.org.br<\/a>\u00a0<\/p>\n<\/blockquote>\n<p>&nbsp;<\/p>\n<blockquote>\n<p><strong>SENAR-SP<\/strong><\/p>\n<p>Rua Bar\u00e3o de Itapetininga, 224 &#8211; Rep\u00fablica &#8211; S\u00e3o Paulo\/SP<\/p>\n<p>Fone: (11) 3125-1333 \/ (11) 3121-7233<\/p>\n<p><span><a href=\"https:\/\/www.faespsenar.com.br\/\"><span style=\"color: #000000;\"><\/span><\/a><a href=\"http:\/\/senar-pe.com.br\/\" style=\"color: #000000;\">Site:<\/a><\/span>\u00a0<a href=\"https:\/\/www.faespsenar.com.br\/\">https:\/\/www.faespsenar.com.br\/<\/a>\u00a0<\/p>\n<\/blockquote>\n<p>&nbsp;<\/p>\n<blockquote>\n<p><strong>SENAR-PA<\/strong><\/p>\n<p>Trav. Dr. Moraes, n\u00b021 \u2013 Edif\u00edcio Pal\u00e1cio da Agricultura, 8\u00b0 andar \u2013 Bel\u00e9m\/PA<\/p>\n<p>Fone: (91) 4008 5300<\/p>\n<p><span><a href=\"http:\/\/sistemafaepa.com.br\/senar\/\"><span style=\"color: #000000;\"><\/span><\/a><a href=\"http:\/\/senar-pe.com.br\/\" style=\"color: #000000;\">Site:<\/a><\/span>\u00a0<a href=\"http:\/\/sistemafaepa.com.br\/senar\/\">http:\/\/sistemafaepa.com.br\/senar\/<\/a>\u00a0<\/p>\n<\/blockquote>\n<p>&nbsp;<\/p>\n<blockquote>\n<p><strong>SENAR-GO<\/strong><\/p>\n<p>Rua 87 N.662 &#8211; Setor Sul \u2013 Goi\u00e2nia\/GO<\/p>\n<p>Fone:(62) 3096-2200<\/p>\n<p><span><a href=\"http:\/\/sistemafaeg.com.br\/faeg\"><span style=\"color: #000000;\"><\/span><\/a><a href=\"http:\/\/senar-pe.com.br\/\" style=\"color: #000000;\">Site:<\/a><\/span>\u00a0http:\/\/sistemafaeg.com.br\/faeg<\/p>\n<\/blockquote>\n<p>[\/et_pb_text][\/et_pb_column][et_pb_column type=&#8221;1_3&#8243; _builder_version=&#8221;3.0.94&#8243; parallax=&#8221;off&#8221; parallax_method=&#8221;on&#8221;][\/et_pb_column][\/et_pb_row][\/et_pb_section]<\/p>\n","protected":false},"excerpt":{"rendered":"<p>[et_pb_section fb_built=&#8221;1&#8243; _builder_version=&#8221;3.0.47&#8243;][et_pb_row _builder_version=&#8221;3.0.47&#8243; background_size=&#8221;initial&#8221; background_position=&#8221;top_left&#8221; background_repeat=&#8221;repeat&#8221;][et_pb_column type=&#8221;3_4&#8243; _builder_version=&#8221;3.0.47&#8243; parallax=&#8221;off&#8221; parallax_method=&#8221;on&#8221;][et_pb_text _builder_version=&#8221;3.0.94&#8243;]01 de mar\u00e7o de 2019 &nbsp; Produtor rural conta com servi\u00e7os profissionalizantes do SENAR [\/et_pb_text][et_pb_image src=&#8221;https:\/\/www.radisufv.com.br\/site\/wp-content\/uploads\/2019\/03\/01-03-SENAR.jpg&#8221; _builder_version=&#8221;3.0.94&#8243; align=&#8221;center&#8221;][\/et_pb_image][et_pb_text _builder_version=&#8221;3.0.94&#8243;] Criado pela Lei n\u00ba 8.315 de 1991, a entidade integra o chamado Sistema S O Servi\u00e7o Nacional de Aprendizagem Rural (Senar) desperta o produtor e [&hellip;]<\/p>\n","protected":false},"author":5,"featured_media":0,"parent":0,"menu_order":0,"comment_status":"closed","ping_status":"closed","template":"","meta":[],"_links":{"self":[{"href":"https:\/\/www.radisufv.com.br\/site\/wp-json\/wp\/v2\/pages\/53622"}],"collection":[{"href":"https:\/\/www.radisufv.com.br\/site\/wp-json\/wp\/v2\/pages"}],"about":[{"href":"https:\/\/www.radisufv.com.br\/site\/wp-json\/wp\/v2\/types\/page"}],"author":[{"embeddable":true,"href":"https:\/\/www.radisufv.com.br\/site\/wp-json\/wp\/v2\/users\/5"}],"replies":[{"embeddable":true,"href":"https:\/\/www.radisufv.com.br\/site\/wp-json\/wp\/v2\/comments?post=53622"}],"version-history":[{"count":2,"href":"https:\/\/www.radisufv.com.br\/site\/wp-json\/wp\/v2\/pages\/53622\/revisions"}],"predecessor-version":[{"id":53626,"href":"https:\/\/www.radisufv.com.br\/site\/wp-json\/wp\/v2\/pages\/53622\/revisions\/53626"}],"wp:attachment":[{"href":"https:\/\/www.radisufv.com.br\/site\/wp-json\/wp\/v2\/media?parent=53622"}],"curies":[{"name":"wp","href":"https:\/\/api.w.org\/{rel}","templated":true}]}}

Produtor rural conta com serviços profissionalizantes do SENAR

<p>[et_pb_section fb_built=&#8221;1&#8243; _builder_version=&#8221;3.0.47&#8243;][et_pb_row _builder_version=&#8221;3.0.47&#8243; background_size=&#8221;initial&#8221; background_position=&#8221;top_left&#8221; background_repeat=&#8221;repeat&#8221;][et_pb_column type=&#8221;3_4&#8243; _builder_version=&#8221;3.0.47&#8243; parallax=&#8221;off&#8221; parallax_method=&#8221;on&#8221;][et_pb_text _builder_version=&#8221;3.0.94&#8243;]01 de março de 2019</p>
<p>&nbsp;</p>
<h4><strong>Produtor rural conta com serviços profissionalizantes do SENAR</strong></h4>
<p>[/et_pb_text][et_pb_image src=&#8221;https://www.radisufv.com.br/site/wp-content/uploads/2019/03/01-03-SENAR.jpg&#8221; _builder_version=&#8221;3.0.94&#8243; align=&#8221;center&#8221;][/et_pb_image][et_pb_text _builder_version=&#8221;3.0.94&#8243;]</p>
<p style="text-align: center;"><em>Criado pela Lei nº 8.315 de 1991, a entidade integra o chamado Sistema S</em></p>
<p style="text-align: justify;">O Serviço Nacional de Aprendizagem Rural (Senar) desperta o produtor e trabalhador rural a mudar de atitude por meio de ofertas ações de Formação Profissional Rural, atividades de Promoção Social, Ensino Técnico de Nível Médio, presencial e a distância, e com um modelo inovador de Assistência Técnica e Gerencial. A entidade foi criada pela Lei nº 8.315, de 23 de dezembro de 1991.</p>
<p style="text-align: justify;">O SENAR é uma entidade de direito privado, sem integrar a administração do Estado, com realização de serviços que atendem a satisfação das necessidades coletivas. Ele é mantido pela classe patronal rural, vinculada à Confederação da Agricultura e Pecuária do Brasil (CNA) e administrada por um Conselho Deliberativo.</p>
<p style="text-align: justify;">A entidade é integrante do chamado Sistema S &#8211; conjunto de nove instituições de interesse de categorias profissionais, estabelecidas pela Constituição brasileira. A sua função é cumprir a missão estabelecida pelo seu Conselho Deliberativo, que é composto por representantes do governo federal e das classes trabalhadora e patronal rural. O SENAR atende, gratuitamente, milhares de brasileiros do meio rural, todos os anos, contribuindo para a profissionalização, integração na sociedade, melhoria da sua qualidade de vida e para o pleno exercício da cidadania.</p>
<p style="text-align: justify;">São 27 Administrações Regionais, que promovem cursos e capacitações para desenvolver competências profissionais e sociais em aproximadamente 300 profissões do meio rural. Existe também a Administração Central do SENAR, em Brasília. Nos últimos anos, a entidade ampliou o leque de ofertas educativas de Formação Profissional Rural (FPR), Promoção social (PS) e educação profissional técnica.</p>
<p style="text-align: justify;">Para saber mais, entre em contato com a administração do seu estado:<span style="font-size: 14px; text-align: left;"></span></p>
<p><span></span></p>
<p>[/et_pb_text][/et_pb_column][et_pb_column type=&#8221;1_4&#8243; _builder_version=&#8221;3.0.47&#8243; parallax=&#8221;off&#8221; parallax_method=&#8221;on&#8221;][et_pb_social_media_follow follow_button=&#8221;on&#8221; _builder_version=&#8221;3.0.94&#8243;][et_pb_social_media_follow_network social_network=&#8221;facebook&#8221; url=&#8221;http://www.facebook.com/radisufv&#8221; _builder_version=&#8221;3.0.94&#8243; background_color=&#8221;#3b5998&#8243; follow_button=&#8221;on&#8221; url_new_window=&#8221;on&#8221;] Facebook [/et_pb_social_media_follow_network][et_pb_social_media_follow_network social_network=&#8221;instagram&#8221; url=&#8221;http://www.instagram.com/radis_ufv&#8221; _builder_version=&#8221;3.0.94&#8243; background_color=&#8221;#8300e9&#8243; follow_button=&#8221;on&#8221; url_new_window=&#8221;on&#8221;] Instagram [/et_pb_social_media_follow_network][/et_pb_social_media_follow][/et_pb_column][/et_pb_row][et_pb_row _builder_version=&#8221;3.0.94&#8243;][et_pb_column type=&#8221;1_3&#8243; _builder_version=&#8221;3.0.94&#8243; parallax=&#8221;off&#8221; parallax_method=&#8221;on&#8221;][et_pb_text _builder_version=&#8221;3.0.94&#8243;]</p>
<blockquote>
<p><strong>SENAR-PE</strong> <br /> Rua São Miguel, 1050 &#8211; Afogados &#8211; Recife/PE</p>
<p>Fone: (81) 3312.8966<br /> E-mail: <span><a href="mailto:secretaria@senar-pe.com.br">secretaria@senar-pe.com.br</a></span></p>
<p><span><a href="http://senar-pe.com.br/"><span style="color: #000000;">Site:</span> http://senar-pe.com.br/</a></span></p>
</blockquote>
<p>&nbsp;</p>
<blockquote>
<p><strong>SENAR-AL</strong></p>
<p>Rua Dr. Rocha Cavalcante, nº 181 – Jaraguá, Maceió/AL</p>
<p>Fone: (82) 3217-9800</p>
<p><span><a href="http://www.senar-al.org.br/"><span style="color: #000000;"></span></a><a href="http://senar-pe.com.br/" style="color: #000000;">Site:</a></span> <a href="http://www.senar-al.org.br/">http://www.senar-al.org.br/</a> </p>
</blockquote>
<p>&nbsp;</p>
<blockquote>
<p><strong>SENAR-MT</strong></p>
<p>Rua Eng. Edgard Prazo Arze, sn, Qdr 01Setor A &#8211; Centro Político Administrativo, Cuiabá/MT</p>
<p>Fone: (65)3928-4800</p>
<p>E-mail: <span><a href="mailto:senar@senarmt.org.br">senar@senarmt.org.br</a></span></p>
<p><span><a href="http://www.sistemafamato.org.br"><span style="color: #000000;"></span></a><a href="http://senar-pe.com.br/" style="color: #000000;">Site:</a></span> <a href="http://www.sistemafamato.org.br">http://www.sistemafamato.org.br</a> </p>
</blockquote>
<p>&nbsp;</p>
<blockquote>
<p><strong>SENAR-MS</strong></p>
<p>Rua Marcino dos Santos, 401. Campo Grande/MS</p>
<p>Fone: (67) 3320-6900 ou (67) 3320-9700</p>
<p>E-mail: <span><a href="mailto:senar@senarms.org.br">senar@senarms.org.br</a></span></p>
<p><span><a href="http://senarms.org.br/"><span style="color: #000000;"></span></a><a href="http://senar-pe.com.br/" style="color: #000000;">Site:</a></span> <a href="http://senarms.org.br/">http://senarms.org.br/</a> </p>
</blockquote>
<p>[/et_pb_text][/et_pb_column][et_pb_column type=&#8221;1_3&#8243; _builder_version=&#8221;3.0.94&#8243; parallax=&#8221;off&#8221; parallax_method=&#8221;on&#8221;][et_pb_text _builder_version=&#8221;3.0.94&#8243;]</p>
<blockquote>
<p><strong>SENAR-MG</strong></p>
<p>Avenida do Contorno, 1.771 &#8211; Floresta</p>
<p>Belo Horizonte</p>
<p>Fone: (31) 3074-3074</p>
<p>E-mail: <span><a href="mailto:senar@senarminas.org.br">senar@senarminas.org.br</a></span></p>
<p><span><a href="http://www.sistemafaemg.org.br"><span style="color: #000000;"></span></a><a href="http://senar-pe.com.br/" style="color: #000000;">Site:</a></span> <a href="http://www.sistemafaemg.org.br">http://www.sistemafaemg.org.br</a> </p>
</blockquote>
<p>&nbsp;</p>
<blockquote>
<p><strong>SENAR-SP</strong></p>
<p>Rua Barão de Itapetininga, 224 &#8211; República &#8211; São Paulo/SP</p>
<p>Fone: (11) 3125-1333 / (11) 3121-7233</p>
<p><span><a href="https://www.faespsenar.com.br/"><span style="color: #000000;"></span></a><a href="http://senar-pe.com.br/" style="color: #000000;">Site:</a></span> <a href="https://www.faespsenar.com.br/">https://www.faespsenar.com.br/</a> </p>
</blockquote>
<p>&nbsp;</p>
<blockquote>
<p><strong>SENAR-PA</strong></p>
<p>Trav. Dr. Moraes, n°21 – Edifício Palácio da Agricultura, 8° andar – Belém/PA</p>
<p>Fone: (91) 4008 5300</p>
<p><span><a href="http://sistemafaepa.com.br/senar/"><span style="color: #000000;"></span></a><a href="http://senar-pe.com.br/" style="color: #000000;">Site:</a></span> <a href="http://sistemafaepa.com.br/senar/">http://sistemafaepa.com.br/senar/</a> </p>
</blockquote>
<p>&nbsp;</p>
<blockquote>
<p><strong>SENAR-GO</strong></p>
<p>Rua 87 N.662 &#8211; Setor Sul – Goiânia/GO</p>
<p>Fone:(62) 3096-2200</p>
<p><span><a href="http://sistemafaeg.com.br/faeg"><span style="color: #000000;"></span></a><a href="http://senar-pe.com.br/" style="color: #000000;">Site:</a></span> http://sistemafaeg.com.br/faeg</p>
</blockquote>
<p>[/et_pb_text][/et_pb_column][et_pb_column type=&#8221;1_3&#8243; _builder_version=&#8221;3.0.94&#8243; parallax=&#8221;off&#8221; parallax_method=&#8221;on&#8221;][/et_pb_column][/et_pb_row][/et_pb_section]</p>

<p>[et_pb_section fb_built=&#8221;1&#8243; _builder_version=&#8221;3.0.47&#8243;][et_pb_row _builder_version=&#8221;3.0.47&#8243; background_size=&#8221;initial&#8221; background_position=&#8221;top_left&#8221; background_repeat=&#8221;repeat&#8221;][et_pb_column type=&#8221;3_4&#8243; _builder_version=&#8221;3.0.47&#8243; parallax=&#8221;off&#8221; parallax_method=&#8221;on&#8221;][et_pb_text _builder_version=&#8221;3.0.94&#8243;]01 de março de 2019 &nbsp; Produtor rural conta com serviços profissionalizantes do SENAR [/et_pb_text][et_pb_image src=&#8221;https://www.radisufv.com.br/site/wp-content/uploads/2019/03/01-03-SENAR.jpg&#8221; _builder_version=&#8221;3.0.94&#8243; align=&#8221;center&#8221;][/et_pb_image][et_pb_text _builder_version=&#8221;3.0.94&#8243;] Criado pela Lei nº 8.315 de 1991, a entidade integra o chamado Sistema S O Serviço Nacional de Aprendizagem Rural (Senar) desperta o produtor e [&hellip;]</p>
